 the highest common factor of 6970 and 637126?
34
What is the highest common divisor of 350 and 12188500?
50
What is the highest common divisor of 1123016 and 382888?
1832
Calculate the highest common factor of 25688708 and 10704.
892
Calculate the greatest common factor of 1587536 and 280228.
1268
What is the highest common factor of 8115632 and 20832?
112
What is the greatest common factor of 15642 and 71566?
22
Calculate the highest common factor of 14534 and 48554740.
1118
What is the greatest common factor of 34531 and 15889193?
4933
Calculate the greatest common divisor of 24 and 13773.
3
What is the greatest common divisor of 366807415 and 263?
263
What is the greatest common divisor of 22096473 and 19149?
1473
Calculate the greatest common factor of 218300 and 109822364.
8732
What is the greatest common factor of 583530 and 89040?
1590
What is the highest common divisor of 106652 and 165984?
364
What is the highest common factor of 26533 and 3252883?
157
What is the greatest common factor of 13 and 52834561?
13
What is the greatest common factor of 12670 and 3000256?
2534
What is the greatest common divisor of 22065 and 30540?
15
What is the greatest common factor of 46272 and 463443?
723
What is the highest common factor of 269764 and 38698?
22
What is the highest common factor of 34144 and 5328928?
352
Calculate the highest common divisor of 4424 and 1679461.
553
What is the highest common factor of 21143522 and 3568?
446
Calculate the highest common divisor of 756 and 18058572.
756
Calculate the highest common factor of 219450 and 2109800.
3850
Calculate the greatest common divisor of 18 and 271179.
9
What is the greatest common divisor of 2931824252 and 58?
58
What is the greatest common divisor of 76 and 15704412?
76
Calculate the greatest common factor of 129129056 and 224.
224
Calculate the greatest common factor of 17238711 and 42.
21
Calculate the highest common factor of 39 and 238146441.
39
Calculate the highest common factor of 209 and 6636905.
11
What is the highest common factor of 312035 and 115?
5
Calculate the greatest common divisor of 552 and 1496599512.
552
Calculate the highest common factor of 81400 and 600.
200
Calculate the highest common divisor of 47 and 433312223.
47
Calculate the highest common divisor of 616649395 and 8770.
4385
Calculate the highest common factor of 14 and 73263898.
2
Calculate the highest common factor of 103242200 and 190.
190
Calculate the highest common divisor of 32888 and 3624.
8
What is the greatest common factor of 16330650 and 1365?
105
Calculate the highest common divisor of 779702467 and 409.
409
Calculate the highest common divisor of 1319793 and 1228.
307
What is the greatest common divisor of 49976660 and 180?
20
Calculate the highest common divisor of 272 and 33389360.
272
Calculate the greatest common divisor of 6569094 and 7.
7
Calculate the greatest common divisor of 449239 and 11774.
203
Calculate the highest common divisor of 70672 and 3360.
112
Calculate the greatest common divisor of 15 and 399396135.
15
What is the highest common factor of 1347862 and 16762?
986
What is the greatest common factor of 350 and 7575610?
70
What is the greatest common divisor of 80052 and 558768?
84
Calculate the highest common factor of 18620 and 216109040.
2660
Calculate the highest common divisor of 205231 and 1417.
13
What is the highest common factor of 132613 and 3419?
13
Calculate the highest common divisor of 4824 and 16101.
9
What is the highest common divisor of 1924 and 411281?
13
What is the greatest common divisor of 2260 and 20980?
20
Calculate the greatest common factor of 75399 and 2952.
123
Calculate the greatest common divisor of 36195 and 10305923.
2413
What is the highest common factor of 960 and 244685040?
240
What is the highest common factor of 9 and 104029695?
9
What is the highest common divisor of 2340 and 2876835?
195
Calculate the greatest common factor of 19578984 and 106752.
3336
What is the highest common divisor of 2177020 and 306850?
3230
What is the greatest common factor of 317032 and 96856?
8
What is the highest common factor of 871 and 6261944?
13
Calculate the highest common divisor of 952 and 34493578.
238
What is the greatest common factor of 43722 and 4671?
9
What is the greatest common factor of 10 and 80045315?
5
Calculate the greatest common divisor of 4184 and 182422400.
4184
Calculate the greatest common factor of 239603 and 553.
7
Calculate the highest common divisor of 38662045 and 890.
445
Calculate the highest common factor of 520 and 17280835.
65
Calculate the highest common factor of 20102672 and 549.
61
What is the highest common factor of 960 and 20077320?
120
What is the highest common factor of 60894 and 112230?
18
What is the greatest common factor of 100 and 7461910?
10
Calculate the greatest common divisor of 53189386 and 2392.
46
Calculate the greatest common factor of 29536 and 7477223.
923
Calculate the greatest common divisor of 9955 and 14930509.
1991
Calculate the greatest common factor of 136 and 1284214748.
68
What is the highest common factor of 6567745 and 1510?
755
What is the greatest common factor of 375930 and 6795?
45
Calculate the greatest common divisor of 23143092 and 2940.
588
What is the highest common divisor of 37580 and 3500?
20
What is the greatest common factor of 106718928 and 1?
1
What is the greatest common divisor of 491672164 and 2788?
2788
Calculate the greatest common divisor of 27863 and 670582.
187
What is the highest common divisor of 63403 and 149131?
893
Calculate the highest common divisor of 539804040 and 480.
120
What is the greatest common factor of 198 and 17554471?
11
Calculate the greatest common divisor of 21513 and 317157.
213
Calculate the highest common divisor of 923 and 781142.
71
Calculate the greatest common divisor of 1332 and 322788.
444
What is the highest common factor of 20046 and 1897584?
78
What is the greatest common divisor of 121080 and 437160?
120
What is the highest common factor of 623905700 and 50?
50
Calculate the highest common factor of 12 and 9159032.
4
What is the highest common factor of 358 and 431499190?
358
What is the highest common divisor of 1604 and 1029564292?
1604
Calculate the highest common factor of 4037 and 132349375.
367
Calculate the highest common factor of 84 and 9780834.
42
What is the greatest common divisor of 6444 and 612759960?
6444
What is the highest common divisor of 30 and 15652410?
30
What is the highest common factor of 494155 and 58972?
23
What is the greatest common divisor of 1353 and 303442271?
451
Calculate the greatest common factor of 918 and 121218840.
306
Calculate the greatest common factor of 322 and 244622.
14
Calculate the highest common divisor of 5792 and 3206053.
181
What is the highest common divisor of 5850 and 3871400?
650
Calculate the greatest common divisor of 1550 and 53026430.
310
Calculate the greatest common divisor of 23219 and 49873544.
217
What is the highest common divisor of 565175 and 400?
25
What is the greatest common divisor of 399384186 and 402?
402
Calculate the greatest common divisor of 12963077 and 137.
137
What is the greatest common factor of 234 and 1225008486?
234
Calculate the greatest common factor of 486610 and 295.
5
What is the greatest common divisor of 1183 and 13453531?
91
What is the greatest common factor of 1167 and 15304427?
389
Calculate the highest common divisor of 98392 and 3783976.
392
Calculate the highest common factor of 26593 and 30856.
203
Calculate the highest common factor of 569220 and 6850.
10
Calculate the highest common factor of 339201887 and 127.
127
Calculate the highest common factor of 688109 and 578.
289
What is the greatest common factor of 1 and 1824347?
1
What is the greatest common factor of 4676641 and 6479?
19
Calculate the greatest common divisor of 41 and 206247753.
41
Calculate the highest common factor of 1710 and 656830.
190
What is the greatest common divisor of 2242139 and 9389?
229
Calculate the greatest common factor of 12704768 and 653.
653
Calculate the highest common divisor of 301041 and 25.
1
Calculate the highest common divisor of 9 and 162556668.
9
What is the greatest common factor of 48660 and 22337373?
2433
Calculate the highe